 prime factors of 104543?
104543
List the prime factors of 7298.
2, 41, 89
What are the prime factors of 2838?
2, 3, 11, 43
List the prime factors of 5077.
5077
What are the prime factors of 69986?
2, 7, 4999
List the prime factors of 5574.
2, 3, 929
List the prime factors of 89871.
3, 29, 1033
List the prime factors of 4153.
4153
List the prime factors of 67664.
2, 4229
What are the prime factors of 48753?
3, 5417
What are the prime factors of 2123?
11, 193
List the prime factors of 1438.
2, 719
What are the prime factors of 6249?
3, 2083
List the prime factors of 2930.
2, 5, 293
What are the prime factors of 99304?
2, 12413
List the prime factors of 5165.
5, 1033
List the prime factors of 17995.
5, 59, 61
What are the prime factors of 8214?
2, 3, 37
What are the prime factors of 9536?
2, 149
List the prime factors of 44056.
2, 5507
What are the prime factors of 348?
2, 3, 29
List the prime factors of 109720.
2, 5, 13, 211
List the prime factors of 351.
3, 13
List the prime factors of 16208.
2, 1013
What are the prime factors of 9198?
2, 3, 7, 73
What are the prime factors of 2151?
3, 239
List the prime factors of 1784.
2, 223
What are the prime factors of 1880?
2, 5, 47
List the prime factors of 418.
2, 11, 19
List the prime factors of 3692.
2, 13, 71
List the prime factors of 65519.
65519
What are the prime factors of 108241?
7, 47
What are the prime factors of 885?
3, 5, 59
List the prime factors of 3280.
2, 5, 41
List the prime factors of 7548.
2, 3, 17, 37
List the prime factors of 6692.
2, 7, 239
What are the prime factors of 35968?
2, 281
List the prime factors of 3127.
53, 59
List the prime factors of 3015.
3, 5, 67
What are the prime factors of 2142?
2, 3, 7, 17
List the prime factors of 659.
659
List the prime factors of 1744.
2, 109
What are the prime factors of 61332?
2, 3, 19, 269
What are the prime factors of 1202?
2, 601
What are the prime factors of 4737?
3, 1579
List the prime factors of 17354.
2, 8677
List the prime factors of 49496.
2, 23, 269
What are the prime factors of 593?
593
List the prime factors of 32248.
2, 29, 139
What are the prime factors of 62806?
2, 31, 1013
List the prime factors of 727.
727
List the prime factors of 28.
2, 7
What are the prime factors of 52680?
2, 3, 5, 439
What are the prime factors of 5779?
5779
List the prime factors of 1757.
7, 251
What are the prime factors of 508?
2, 127
List the prime factors of 3544.
2, 443
List the prime factors of 118062.
2, 3, 7, 937
List the prime factors of 7674.
2, 3, 1279
List the prime factors of 83241.
3, 3083
List the prime factors of 55245.
3, 5, 29, 127
List the prime factors of 29998.
2, 53, 283
What are the prime factors of 1225?
5, 7
List the prime factors of 2362.
2, 1181
What are the prime factors of 22904?
2, 7, 409
List the prime factors of 19323.
3, 19, 113
List the prime factors of 52589.
43, 1223
What are the prime factors of 11960?
2, 5, 13, 23
What are the prime factors of 4230?
2, 3, 5, 47
What are the prime factors of 568?
2, 71
List the prime factors of 5360.
2, 5, 67
What are the prime factors of 2572?
2, 643
List the prime factors of 842.
2, 421
List the prime factors of 86237.
83, 1039
What are the prime factors of 5523?
3, 7, 263
What are the prime factors of 4427?
19, 233
List the prime factors of 3376.
2, 211
What are the prime factors of 175?
5, 7
What are the prime factors of 4255?
5, 23, 37
What are the prime factors of 845?
5, 13
What are the prime factors of 12406?
2, 6203
What are the prime factors of 55254?
2, 3, 9209
What are the prime factors of 3878?
2, 7, 277
What are the prime factors of 16469?
43, 383
What are the prime factors of 13164?
2, 3, 1097
What are the prime factors of 5588?
2, 11, 127
What are the prime factors of 9032?
2, 1129
List the prime factors of 723.
3, 241
List the prime factors of 16420.
2, 5, 821
List the prime factors of 203.
7, 29
What are the prime factors of 33213?
3, 11071
What are the prime factors of 96339?
3, 17, 1889
List the prime factors of 12045.
3, 5, 11, 73
What are the prime factors of 116275?
5, 4651
What are the prime factors of 17282?
2, 8641
What are the prime factors of 3421?
11, 311
What are the prime factors of 460?
2, 5, 23
List the prime factors of 3346.
2, 7, 239
List the prime factors of 17921.
17921
What are the prime factors of 26667?
3, 2963
List the prime factors of 48238.
2, 89, 271
What are the prime factors of 23393?
149, 157
What are the prime factors of 169?
13
List the prime factors of 1467.
3, 163
What are the prime factors of 9860?
2, 5, 17, 29
What are the prime factors of 3598?
2, 7, 257
What are the prime factors of 3936?
2, 3, 41
List the prime factors of 754.
2, 13, 29
What are the prime factors of 42270?
2, 3, 5, 1409
List the prime factors of 2454.
2, 3, 409
List the prime factors of 59.
59
What are the prime factors of 922?
2, 461
What are the prime factors of 1047?
3, 349
List the prime factors of 9677.
9677
What are the prime factors of 737?
11, 67
What are the prime factors of 27872?
2, 13, 67
What are the prime factors of 22022?
2, 7, 11, 13
What are the prime factors of 1724?
2, 431
What are the prime factors of 930?
2, 3, 5, 31
List the prime factors of 6544.
2, 409
What are the prime factors of 7095?
3, 5, 11, 43
List the prime factors of 2494.
2, 29, 43
What are the prime factors of 1870?
2, 5, 11, 17
List the prime factors of 119387.
277, 431
List the prime factors of 7103.
7103
List the prime factors of 909.
3, 101
What are the prime factors of 3746?
2, 1873
List the prime factors of 1069.
1069
List the prime factors of 46582.
2, 23291
List the prime factors of 100621.
100621
List the prime factors of 128.
2
What are the prime factors of 4735?
5, 947
List the prime factors of 2277.
3, 11, 23
What are the prime factors of 851?
23, 37
List the prime factors of 122613.
3, 23, 1777
List the prime factors of 1753.
1753
What are the prime factors of 57676?
2, 14419
What are the prime factors of 46419?
3, 15473
List the prime factors of 43516.
2, 11, 23, 43
What are the prime factors of 13739?
11, 1249
What are the prime factors of 2177?
7, 311
What are the prime factors of 20434?
2, 17, 601
What are the prime factors of 12866?
2, 7, 919
What are the prime factors of 95629?
95629
List the prime factors of 256.
2
What are the prime factors of 169?
13
What are the prime factors of 93629?
93629
List the prime factors of 42396.
2, 3, 3533
List the prime factors of 775.
5, 31
List the prime factors of 1946.
2, 7, 139
What are the prime factors of 401?
401
List the prime factors of 21914.
2, 10957
What are the prime factors of 4128?
2, 3, 43
What are the prime factors of 2373?
3, 7, 113
List the prime factors of 2186.
2, 1093
What are the prime factors of 4455?
3, 5, 11
What are the prime factors of 119477?
157, 761
What are the prime factors of 15983?
11, 1453
List the prime factors of 7951.
7951
List the prime factors of 2054.
2, 13, 79
List the prime factors of 13720.
2, 5, 7
What are the prime factors of 22120?
2, 5, 7, 79
What are the prime factors of 2086?
2, 7, 149
What are the prime factors of 163941?
3, 54647
What are the prime factors of 2338?
2, 7, 167
List the prime factors of 307.
307
What are the prime factors of 28537?
28537
What are the prime factors of 2442?
2, 3, 11, 37
What are the prime factors of 444?
2, 3, 37
What are the prime factors of 860?
2, 5, 43
List the prime factors of 71445.
3, 5, 11, 433
What are the prime factors of 4196?
2, 1049
List the prime factors of 664.
2, 83
What are the prime factors of 18784?
2, 587
List the prime factors of 63487.
63487
What are the prime factors of 2056?
2, 257
What are the prime factors of 7480?
2, 5, 11, 17
What are the prime factors of 45492?
2, 3, 17, 223
List the prime factors of 35576.
2, 4447
What are the prime factors of 55419?
3, 7, 13, 29
What are the prime factors of 438?
2, 3, 73
What are the prime factors of 10380?
2, 3, 5, 173
What are the prime factors of 25938?
2, 3, 11, 131
What are the prime factors of 912?
2, 3, 19
What are the prime factors of 28407?
3, 17, 557
List the prime factors of 5077.
5077
List the prime factors of 56486.
2, 61, 463
What are the prime factors of 32945?
5, 11, 599
What are the prime factors of 52855?
5, 11, 31
List the prime factors of 5940.
2, 3, 